 Let m = d - -4. What is the remainder when 75 is divided by m?
18
Let u = -2 - -2. Suppose 5*s + 2*j = -u*s + 74, j = s - 19. What is the remainder when ((35 - 4)/(-1 - 0))/(-1) is divided by s?
15
Suppose 15 = -z - 10. Calculate the remainder when 42 is divided by (40/z - -2)*30.
6
Let d(o) = 93*o - 829. What is the remainder when d(10) is divided by 59?
42
Let k = -28 - -33. Suppose -41 = -k*y + 44. Calculate the remainder when 32 is divided by y.
15
Let v be -8 - 373/6 - 1/(-6). Let l = 90 + v. Calculate the remainder when 33 is divided by l.
13
Let f(i) be the second derivative of i**4/12 - 7*i**3/3 + 9*i**2 - 4*i. Let x be f(13). Suppose -37 = -x*q + 73. What is the remainder when 64 is divided by q?
20
Let s = 72 + -50. What is the remainder when s/4 + (-5)/10 is divided by 2?
1
Let u(q) = -q**3 + 25*q**2 - 4*q + 161. What is the remainder when u(25) is divided by 23?
15
Let o be 5 + 4*4/16. Suppose 0 = o*g - 7*g + 3. Suppose 0 = -g*m + 36 - 15. Calculate the remainder when m is divided by 3.
1
Let n(o) = -o + 17. Suppose -7*l - 76*l + 747 = 0. Calculate the remainder when n(0) is divided by l.
8
Suppose y - 12 = -4*z, -4 = -z + 4*y - 1. Calculate the remainder when 35 is divided by z.
2
Let j(h) = 38*h. Suppose -3*r - 26 = -5*r - 4*d, r = 4*d + 13. Calculate the remainder when j(2) is divided by r.
11
Suppose t - 250 = -5*b - t, -b + 50 = 2*t. Let d(h) = h**3 - 19*h**2 - 41*h - 3. What is the remainder when b is divided by d(21)?
14
Let o be ((-438)/(-5))/((-34)/(-85)). Let f = o + -153. Calculate the remainder when f is divided by 23.
20
Suppose -16*v + 18*v - 44 = 0. Calculate the remainder when 189 is divided by v.
13
Let f = -94 - -97. Suppose 3*i + f = 51. What is the remainder when 158 is divided by i?
14
Suppose 31*f - 36*f + 59 = a, -2*a = -4*f + 36. Let x be (-1)/((-26)/14 - -2). Let z = x - -11. Calculate the remainder when f is divided by z.
3
Suppose -212 + 311 = 9*b. What is the remainder when 17 is divided by b?
6
Let h(p) = -p + 39. Calculate the remainder when 88 is divided by h(8).
26
Suppose 5*i + 93 = 293. Suppose -104*g + 42 = -102*g. What is the remainder when i is divided by g?
19
Suppose 3*z + 2*i - 3*i = 0, -2*i + 4 = -2*z. Suppose 3*s + 2*s = 105. Let c = s - 19. Calculate the remainder when c is divided by z.
0
Let s be ((-96)/(-84))/((-2)/(-7)). Suppose 109 = s*l + 9. Let p = l - 16. What is the remainder when p is divided by 5?
4
Suppose 0 = 2*a - 2*f + 252, 5*f + 58 = -a - 74. Let q = 178 + a. Calculate the remainder when q is divided by 26.
25
Let l = 350 - 341. Calculate the remainder when 50 is divided by l.
5
Let x = -137 + 151. Let m(h) = 53*h. Calculate the remainder when m(1) is divided by x.
11
Let i(d) = -757 + 738 + 6*d + 2*d. What is the remainder when 5 is divided by i(3)?
0
Let a(f) = f**3 - 12*f**2 - 20*f + 81. Calculate the remainder when 387 is divided by a(14).
1
Let v(f) = -3 + 5*f**3 - f**3 + 9*f**2 - 4*f**3 - f**3 - 10*f. Let p be v(7). Suppose 3*t - p = 14. What is the remainder when 35 is divided by t?
9
Suppose 4*x = 32 + 8. Let j be ((-18)/(-15))/(x/25). Suppose -j*p - 121 = -2*r + 2*p, 2*r + p - 127 = 0. Calculate the remainder when r is divided by 16.
15
Suppose 0 = -2*i - 111 + 437. Suppose 3*h = -3*s + 162, 2*s - i = -5*h + 119. Let y(a) = 3*a. Calculate the remainder when h is divided by y(4).
10
Let l = 50 + -24. Let j(n) = n**2 + 3*n + 5. Let v be j(0). Suppose 2*b = q - 14, -104 = -5*q + v*b - 34. Calculate the remainder when l is divided by q.
12
Suppose -73*q + 1008 = 278. Suppose 59 + 1 = 5*i. Calculate the remainder when i is divided by q.
2
Suppose 8*l + 166 = 3*k + 4*l, 2*k = l + 109. What is the remainder when k is divided by 26?
2
Suppose 20*t - 43 = 157. Calculate the remainder when 369 is divided by t.
9
Suppose -2*s + 12 = -30. Suppose -18*t = -s*t + 87. Calculate the remainder when t is divided by 15.
14
Let y(o) = -6*o - 11. Let g be y(-5). Calculate the remainder when (g/38)/(2/312) is divided by 20.
18
Let b = 165 - 34. Suppose 0 = 5*l - 4*d - 502, 0 = -4*l - 4*d + 249 + b. What is the remainder when l is divided by 34?
30
Let i be (3 - 6) + 3 - -30. Let t(y) = -114*y**3 + i*y**3 + 1 + 2*y + 3*y**2 - 1. Calculate the remainder when t(-1) is divided by 29.
27
Let l be 2/((-23 - -22) + 49/47). Let o = 118 - l. Calculate the remainder when o is divided by 24.
23
Suppose -2*m + 204 = -2*p, -63 = p + 2*m + 27. Let y = p + 123. What is the remainder when 49 is divided by y?
24
Let f = 101 - 97. Suppose -2*q + 12 = f*q. Calculate the remainder when q is divided by 2.
0
Let d = -307 - -391. Suppose 3*o + 116 = 5*m, 3*m - 4*o + 5*o = 64. Calculate the remainder when d is divided by m.
18
Let q(n) = 36*n**2 - 3*n + 2. Let f be q(1). Let k(h) = h**2 - 2*h - 6. What is the remainder when (-164)/(-5) + 7/f is divided by k(5)?
6
Suppose w - 3 = 5*u, u - 1 - 1 = 0. What is the remainder when w is divided by 9?
4
Let u = 23 - 8. Suppose 4*p - 99 = t, 120 = -49*p + 54*p - 5*t. Calculate the remainder when p is divided by u.
10
Let o(q) be the first derivative of 2*q**3/3 - 2*q**2 - 3*q + 2. Let x(z) = -z**2 + 12*z - 14. Calculate the remainder when o(5) is divided by x(10).
3
Let k = -762 - -825. Calculate the remainder when k is divided by 5.
3
Let h = 24 - -15. What is the remainder when h is divided by -7 - (-13 - 7 - -3)?
9
Let f be ((-836)/6)/(-2) + 2/6. Let o = 38 + f. What is the remainder when o is divided by 11?
9
Suppose -22 + 57 = 5*y. Let w = 44 + -28. What is the remainder when w is divided by y?
2
Let q = -13 - -36. What is the remainder when q is divided by (-104)/(-12)*69/46?
10
Calculate the remainder when 60 is divided by 10 - (-369)/36 - (-3)/4.
18
Let o(f) = 71*f**3 - 1. Calculate the remainder when o(1) is divided by (-4)/20 - (-183)/15.
10
Suppose 468 = 224*b - 220*b. What is the remainder when b is divided by 26?
13
Let i = -1035 - -1449. What is the remainder when i is divided by 19?
15
Let l = 28 - 10. Suppose -4*z = -8*z. Let i = l - z. Calculate the remainder when i is divided by 10.
8
Calculate the remainder when 717 is divided by (-8 + 6 - 0) + 122.
117
Let l(n) = -2*n**3 - 2*n**2 - 2*n - 4. Let i be l(-2). Suppose -162 = -11*b + i*b. Calculate the remainder when b is divided by 14.
12
Let q be ((-8)/12)/((-4)/66). Let z(u) = u**2 - 8. Let d be z(0). Let j = q + d. Calculate the remainder when 10 is divided by j.
1
Suppose 0 = -6*j + 4*j + 66. Calculate the remainder when (-647)/(-5) - 39/(-65) is divided by j.
31
Let x be (-4 + 4)*3/3. Suppose x*t + 4 = t. What is the remainder when 7 is divided by t?
3
Let j(q) = q**3 + 5*q**2 - 6*q - 8. Let n be j(-6). Let r(y) = 16*y - 387. Calculate the remainder when r(26) is divided by (-50)/n - 2/8.
5
Suppose -12*c = -8*c - 44. Let x(u) = 28*u**3 - u + 2. Let l = 35 + -34. Calculate the remainder when x(l) is divided by c.
7
Let x = -13 + 16. Suppose 3*a - 13 = -2*u, 3*u + x*a - 21 = -0. Calculate the remainder when u is divided by 4.
0
Suppose -21 - 3141 = -31*v. Calculate the remainder when v is divided by 29.
15
Let y(w) = w - 4. Let o be y(9). Suppose o*a - 308 = -53. Calculate the remainder when a is divided by 18.
15
Suppose -26*z + 11610 = 19*z. Calculate the remainder when z is divided by 65.
63
Suppose 11 = 5*u - 9. Suppose 7*q - 218 = 5*q. Suppose 0 = -5*h + u*h + q. What is the remainder when h is divided by 28?
25
Suppose 5*c = c + 3*r + 23, 2*r = -c + 3. Suppose -c*k + 13 + 12 = 0. Calculate the remainder when k is divided by -5 - (-8)/((-80)/(-70)).
1
Calculate the remainder when 204 is divided by (0 + 1)/((-5950)/(-1484) + -4).
98
Let x = 3 + 5. Let t(k) = 2*k - 15. Calculate the remainder when 2 is divided by t(x).
0
Let u be -5 + 2 + 5 + 2. Suppose -2*w + m = 7, -2*w + 5*m + 1 = -u. Let v = 2 - w. What is the remainder when 27 is divided by v?
6
Let c = 230 - 208. Let h = 2 + 4. Calculate the remainder when c is divided by h.
4
Let x = -956 - -971. Let y = 95 - -204. What is the remainder when y is divided by x?
14
Suppose -10*s - 8*s + 342 = 0. Calculate the remainder when s is divided by 19.
0
Calculate the remainder when 73 is divided by (-2)/(-11) - 7670/(-286).
19
Let c = 88 + -29. Let x(n) = -n**2 + 10*n - 9. Calculate the remainder when c is divided by x(7).
11
Let t(n) = -n - 9.